)) + 2217 + -2212 + -19.
-26
Evaluate 20 + (-12 - (1 + -5) - 1) - (16 - -66).
-71
What is the value of (-7 - (3 + (-4 - -10) + -11)) + (5 - -10)?
10
Evaluate 25 + -15 + (-18 - -53).
45
Calculate (5 + 24 + 32 + -49 - -7) + 15.
34
(51 - (-17 + (-22 - -32))) + -17
41
Evaluate 0 - -1 - (5 + -9 + 6 + (47 - 9)).
-39
Evaluate -7 + (-1 + -2 - 3) + -14 + -10 + 65.
28
What is the value of -7 + -32 + 31 + 31 - 72?
-49
What is the value of -60 - (37 + -42 + -45 + 14)?
-24
Evaluate 41 + -28 + 36 + (12 - (0 - -34)).
27
What is the value of 112 - 48 - (3 + 8 + -13)?
66
Evaluate -26 + 33 + (-15 - 4) + 68.
56
(-23 - -3) + 87 + -22
45
Calculate (8 - -4) + 80 + -132.
-40
What is (-142 - (-408 - -194)) + (0 - 0 - 20)?
52
Calculate -63 - 3 - (43 - 112).
3
Evaluate -16 - 12 - (56 - 72).
-12
Evaluate -195 + 172 - (-1 - ((2 - (-2 + 0)) + -7)).
-25
What is -1917 - -1943 - (18 - 1)?
9
Calculate 7 + (8 + -15 + (7 - 4) - 0) + 53.
56
60 + -24 + -111 - 25
-100
What is -2 - (10 - -9) - (134 + -224)?
69
Evaluate 68 + -1 + (33 - 37 - -3).
66
What is the value of (2 - (-4 + -20) - 17) + -1 + -28?
-20
55 + -41 + -2 + 4 + -4 + -2 + 13
23
-1406 + 1507 + 0 + -72
29
(155 - -6) + 887 + -1009
39
Calculate -83 + -2 - (-37 - 3).
-45
Evaluate 118 + (25 - 106) + 6.
43
Calculate 3 + 13 + -79 + -1 + 20.
-44
Evaluate 29 - (13 - -25) - -31.
22
Evaluate (197 - 114 - 104) + (0 - 22).
-43
Evaluate -2 + -17 + (-2 - -1) + -119 + 120 - -2.
-17
(-68 - -34 - -60) + -52
-26
Evaluate (33 - 24 - (-14 - -9 - (-9 - -1))) + -44.
-38
What is the value of 140 - (104 - 37) - 62?
11
Evaluate (-629 - -614 - (-44 - 1)) + -102.
-72
Calculate 20 - ((21 - (6 + 0)) + -4 + -4) - 4.
9
Calculate 45 + (-104 - -101 - (9 - -2) - -16).
47
What is the value of (-2 + -21 - -33) + 5 + 105?
120
-18 - (12 + -40 + (-13 - -24))
-1
What is (-13 - -76 - 49) + -49 - -78?
43
Evaluate 1 - (1 - (-3 + -3) - (-151 - -144)).
-13
What is 27 + (-2 - -1) - (67 + -31 - 43) - 5?
28
Calculate 25 + -31 + -3 + 19 + -3 - (84 - 0).
-77
Evaluate 10 + 9 + -18 + (-1 - -5).
5
Evaluate 16 + (-1 - 77) + (493 - 478).
-47
Calculate 1 + -1 + 0 - (-91 + 221 - 43).
-87
What is the value of 23 - 1 - ((-15 - -33) + -41 - -9 - -9)?
27
Evaluate 256 + -245 - (2 + 2 + -2 + (59 - 13)).
-37
Evaluate (-4 - ((-24 - -11 - 5) + -13)) + 7.
34
Calculate 124 + -170 - (-13 + -4).
-29
What is 62 + -115 + (46 - 51)?
-58
-3 + (-1 - (-51 + 68 - (28 - 1)))
6
Evaluate 9 - ((1 - -57) + (-19 - -24) + -2).
-52
Evaluate -4 - 1 - (90 + -40) - (521 - 535).
-41
What is the value of 0 + -15 + (60 - (15 + (-53 - -59)))?
24
5 + 29 + -39 + -117 + 5 + -6
-123
What is the value of (-18 - 1) + -56 + (75 - 1) - 12?
-13
(-42 - 35) + 16 + 22 + -1 + -8
-48
Calculate (-103 + -108 - -82) + 88.
-41
Evaluate -947 - -971 - ((2 - 2) + 5).
19
What is the value of (88 - 24) + (13 - 1) + 3 + 1 + -7?
73
Evaluate -92 + 3 + -13 + -4 + 8 + -11.
-109
Calculate -29 - (-15 + (17 - (-5 + 13 - -6)) + 10).
-27
Evaluate -51 + (14 - -12) - -76.
51
Calculate (13 - 2) + (82 - 92) + (-3 - -2 - 0).
0
Evaluate 39 - 3 - (623 + -579).
-8
Evaluate 12 + (-13 + (-1 - -8) - -9) + 49 - -2.
66
Calculate -137 + 168 - (-18 - -76).
-27
2 - 4 - -106 - (-3 + 20)
87
Calculate (-34 - -12 - 57) + 71.
-8
Evaluate -1 - (21 - (-5 + 21 - 30)).
-36
What is the value of 57 + 26 - 23 - (31 - 9)?
38
Evaluate (-10 - (15 - -3)) + -25 - -24.
-29
Calculate -5 + (-44 - 0) + 108.
59
Calculate (164 - (13 + 55)) + -50.
46
Calculate (8 - ((3 - (-3 - -6)) + -64)) + -18.
54
Calculate (-14 - -6) + 13 + -3 - (54 + -53).
1
Evaluate 42 + -6 - (16 - ((-13 - -6) + 19)).
32
What is the value of 0 - -15 - (81 - (6 + 60)) - -18?
18
What is -71 + -9 + 93 - 1?
12
What is (50 - -1) + (-174 - -105) - (-100 - 1)?
83
3 + 1 + 1 + -102 + (1086 - 1062)
-73
What is (122 - 113) + (-1 - -5 - 22) + 55?
46
Calculate -35 + 26 + 23 + -20.
-6
What is -20 - (-23 + 34 - 6) - 16?
-41
Calculate 110 - 220 - -139 - (18 + 1).
10
58 + (34 - 73) - 4 - (-67 + -3)
85
What is the value of 55 + 6 + -10 + (19 - 4) + -18?
48
What is the value of -19 + -4 + (0 - -11) + -24?
-36
Calculate -91 + (-27 + 46 - -16).
-56
Evaluate 151 + -117 + -92 - (0 - 5).
-53
Calculate 47 + (30 - 84) + 7.
0
What is -35 + (17 - ((20 - (2 + 7)) + -3)) + -13?
-39
What is (0 - -9) + 2 + 23 + -58 + -13?
-37
Evaluate (2 + (-1 - -5) - (-73 - -84)) + -4.
-9
Calculate 1 - (-119 + 109 - (2 - -13)).
26
What is the value of -9 + (32 - 21) + -13 + -3 + -8 + -2?
-24
What is the value of 7 + -12 - 5 - (-7 + (2 - 44) + -3)?
42
Evaluate (74 - (-16 - -226)) + 92.
-44
Calculate (-70 - (-118 + 76)) + (1 - 21).
-48
Evaluate -14 - (-28 - (-3 + (-45 - -12))).
-22
Calculate 29 + (-67 - -13 - 35) + (-4 - -1).
-63
Evaluate 20 + (7 - -29 - 17) + 84.
123
What is the value of 2 + 44 - 1 - (-15234 - -15271)?
8
What is 72 + (-80 - (-92 + 88))?
-4
What is the value of 12 - -9 - ((-7 - (0 - 2)) + 86 + -78)?
18
What is the value of (34 + -9 + 12 - -14) + -2 + -6?
43
Evaluate -54 + 82 + -106 + 102.
24
-64 - -80 - -20 - 116
-80
What is the value of 72 + (0 - 46 - (742 + -753))?
37
(1134 - 1038) + 13 + 23
132
What is (85 - -2) + (-147 - (-95 + -66))?
101
49 + (-106 - -60) + -51
-48
Calculate (-37 - -3 - -1) + (-20 - (-59 - -27)).
-21
Calculate 56 + -46 + (-2 - 12) + -6 - -9.
-1
What is the value of -86 + (15 - (-1 + 4)) + -2 + -11?
-87
What is the value of (3893 - 3973) + 25 + 0?
-55
Calculate 17 + -6 + (-39 - (0 + -1 + (0 - 2))).
-25
What is -2 + -56 + 3 + (8 - (-26 - -36)) - -5?
-52
Calculate 11 - (810 - 828 - (-1 + -3) - (1 - 131)).
-105
Evaluate 7 - (0 + -2) - (12 + (35 - (-50 - -40))).
-48
What is the value of -12 + (26 + -12 + -30 - (-30 + -8))?
10
Calculate -1 + -1 + (-740 - -732) + 2 + 23.
15
Calculate 36 + -67 + -9 - -15.
-25
What is the value of (20 - (39 - 27) - -4) + (28 - -1)?
41
Calculate 20 - (70 + -42) - -64.
56
What is (-2 - 21) + (-271 - -292) + -1?
-3
Calculate 1 - (2 + 99 - 0).
-100
What is the value of (-10 - (14 + -14)) + 12 - -21 - -4?
27
Evaluate 7 + 31 + -26 + -5 + 2.
9
Evaluate -652 + 626 - (3 - 140).
111
What is -23 + (1 + -11 - (113 - 118) - (27 + -18))?
-37
What is the value of (11 - (1 - (0 - 3)) - 67) + -10 - -2?
-68
10 + -22 + 105 - (-1 + (6 - -5) + 0)
83
What is the value of (102 - 105 - (0 + 0)) + 12 - -17?
26
What is -26 - (11 + 34 + (-35 - -84))?
-120
Evaluate 47 + -11 + -136 + 81.
-19
-34 - (25 - 111) - 11
41
What is the value of -11173 + 11140 - (0 - -30)?
-63
10 + -182 + (-126 - -182)
-116
Evaluate 14 + -8 + (-4 + -2 + 11 - 4) + -12.
-5
-71 + (17 + 35 + 19 - 47)
-47
Calculate 51 + 20 + (-1 + 0 - (-58 - -69)).
59
8 - 8 - (-18 - -13 - -8)
-3
20 + -58 + 14 + 26 + -20
-18
What is the value of -53 + (6 - (13 + 5)) + 8 + 4?
-53
What is -53 + (3 + 129 - 93)?
-14
Calculate 302 + -260 + (5 - -2 - 68).
-19
Calculate -6715 - -6705 - (-4 - (6 + -2 + -8)).
-10
Evaluate -33 + 35 + 15 - (-20 - 2).
39
10 + (-2 - 0 - 1) - (-11 + 2 + 50)
-34
What is the value of 9 - 2 - (-6 + 8 + -12 + -4 - -7)?
14
What is -94 + 88 + -14 + 60?
40
Calculate (9 + -2 + -10 + 2 - 54) + 17 + -17.
-55
What is 17 + 12 + (31 - 39) - -24?
45
(-2 - 0 - 105) + 24308 + -24289
-88
Evaluate -6 - 1 - ((40 - (-5 - (9 - 33))) + 76).
-104
3050 + -3111 + (-2 - -38)
-25
Calculate -42 - -30 - -45 - (0 + -1 + -3).
37
86 - 81 - (-12 - 0) - -23
40
Calculate 5 - (-62 - -9 - (-60 + 20)).
18
Calculate -13 - (-15 - -30 - 9 - 18) - 16.
-17
-4 + -3 + 6 + -58 + (-41 - -50)
-50
Evaluate (2 - -14) + 91 + -77 + -18 + -12.
0
Calculate 19 + (-3 - (6 - (9 - -2))) - -4.
25
-9 - (-23 + -38) - (16 + -12 + 1 + -1)
48
Calculate -1468 - -1497 - (0 + -36).
65
-84 - (0 - 17 - -15 - -4 - 8)
-78
17 - (22 + -26 + 8 + (-1 - -8)) - 51
-45
What is the value of (-444 + 431 - (-12 + 0 - -2)) + 12 + -22?
-13
What is the value of 13 - (42 + -70) - -2?
43
-53 + (20 + 28 - -39)
34
139 + -156 + 2 + 14 + (28 - -1)
28
Evaluate -1069 + 1006 - (0 + -2 + 1 + (0 - 1)).
-61
What is the value of -6 + (131 - 57) + -101?
-33
What is 361 + -489 + -7 + (14 - (-9 - -5))?
-117
(34 - (45 - 2)) + (122 - -2 - 4) - 12
99
53 + 9 + -109 + 17
-30
What is the value of 87 + -70 - (18 + -3) - -37?
39
What is the value of (2 - (1 - 31)) + 10 + -1 + -7 + -7?
27
What is the value of (741 + -702 - (15 + -1)) + 21?
46
69 + ((7 - 8) + -2 + 2 - (8 - 20))
80
What is the value of (-14 - (15 - 5)) + (-15 - -95)?
56
Evaluate 71 - (-7 + (